 units digit of y(z)?
2
Let i(o) be the second derivative of -o**3/6 + o**2/2 - o. Let s be i(0). Suppose -c + s = -4. What is the units digit of c?
5
Let h(d) = d**3 + d - 2. What is the units digit of h(4)?
6
Suppose -8*d + 13*d = -30. What is the tens digit of (0 - 4)/(2/d)?
1
Let k(z) = z**3 - 3*z**2 + 3*z + 3. What is the units digit of k(4)?
1
Suppose 0 = 11*n - 292 - 511. What is the units digit of n?
3
Let p be 15/(-12) - (-3)/12. Let f = 2 - p. What is the units digit of f?
3
Let n(v) = -v**3 - 3*v**2 + 5*v - 3. Let i be n(-4). Let w = -4 - i. Suppose -w*d - 28 = -7*d. What is the units digit of d?
7
Let a = 7 - -20. What is the tens digit of a?
2
Suppose 4*n - 6*n + 5*p = -57, 3*n - 99 = 3*p. What is the units digit of n?
6
Suppose 5*w = -4*x + 218, -2*x + 62 + 42 = 5*w. What is the units digit of (-3 - x/6)*-2?
5
Let x be -2 + (0 + -1 - 1). Let v = -10 - x. What is the units digit of (3/(-2))/(v/12)?
3
Let n(y) be the third derivative of y**4/4 - 11*y**3/6 + 3*y**2. What is the units digit of n(6)?
5
Let s = -3 - -6. Let y = 17 - s. What is the units digit of y?
4
Suppose 2*s + 18 - 58 = 0. Suppose 0 = f - 2*f + s. What is the tens digit of f?
2
Let u(s) = -40*s + 30. What is the hundreds digit of u(-4)?
1
Suppose 2*j = -5*r + 4, -r + 4*j - 7 - 1 = 0. Suppose 2*q - 11 - 19 = r. What is the units digit of q?
5
Let h = -7 + 17. What is the tens digit of h?
1
Let a(t) = -7*t + 3*t + 6*t - 9. What is the units digit of a(9)?
9
Suppose 4*c + 310 = 5*u, -67 - 39 = -2*u - 2*c. What is the tens digit of u?
5
What is the units digit of 1 - ((-4)/(-2) + 0 - 78)?
7
Let o(c) = -c + 1. Suppose 8 - 2 = -z. What is the units digit of o(z)?
7
Let c = -17 + 18. What is the units digit of c?
1
What is the units digit of 1/(1 - 2)*-67?
7
Suppose c = 3*o + 26, 0*c - 5*c = 3*o + 32. What is the units digit of 13/2 + o/(-6)?
8
Suppose -f - 114 = -3*f - 2*x, f - 5*x = 39. What is the tens digit of f?
5
Suppose -5*u + 26 + 43 = 3*a, 0 = -5*u + 15. What is the units digit of a?
8
Let u be (2 + 18)*(-9)/12. Let o be (-111)/u + 4/(-10). Let b(y) = -y**3 + 6*y**2 + 11*y - 10. What is the tens digit of b(o)?
1
Let n(r) = -r**2 - r. Let f(x) = 7*x**2 + 6. Let c(l) = -f(l) - 6*n(l). Let o be c(4). What is the units digit of -3 - -12 - (2 - o)?
9
Let m = 22 - 39. Let p = -8 + 2. Let d = p - m. What is the units digit of d?
1
Let g = 2 + 16. What is the tens digit of g?
1
What is the tens digit of ((-284)/(-6))/((-20)/(-150))?
5
Let i = -25 - -41. Let b = i + 0. What is the units digit of b?
6
Let a(j) = j**3 - 19*j**2 + 26*j - 22. What is the hundreds digit of a(18)?
1
Let f(p) be the third derivative of p**6/120 + p**5/15 + p**4/8 + 2*p**3/3 + 2*p**2. What is the units digit of f(-3)?
4
Let g(h) = h**2 + 23*h - 14. What is the units digit of g(-29)?
0
Let m be 1 + -3*(-1)/3. Let s(g) = 1 - 4*g - g + m*g - 4. What is the units digit of s(-4)?
9
Suppose q + 0*m = 2*m + 2, -2*q - 4 = 4*m. Let r be -2 - (-1)/3*q. What is the units digit of ((-1)/r)/((-2)/(-20))?
5
Suppose -l = l. Let j = -5 - -6. Suppose l = g + 3*w - 0*w + 5, 5*g + 3*w + j = 0. What is the units digit of g?
1
What is the units digit of 1084/16 + (-5)/(-20)?
8
Suppose -3 = 2*x - 1, -c + 4*x = -30. What is the units digit of c?
6
Suppose 3*z - x + 4*x - 15 = 0, -2*z = -3*x + 15. Let n = 2 - z. Let d(m) = 3*m + 1. What is the units digit of d(n)?
7
Suppose 0 = -0*q - 3*q + 15. What is the units digit of q?
5
Let m = 2 - 4. Let y be m*-3*7/(-6). Let c(r) = -r - 6. What is the units digit of c(y)?
1
Suppose d - 5*s - 16 = 0, -d = -2*d - 3*s + 16. Let b = d + -9. What is the units digit of b?
7
What is the units digit of 2 - (-4)/(-2) - -32?
2
Suppose 3*g - 153 = -2*g + 3*n, -3*g + 3*n + 93 = 0. What is the units digit of g?
0
Let l(x) = x**3 - 10*x**2 - 19*x + 17. What is the tens digit of l(12)?
7
Let q(y) = y**3 - 9*y**2 - 10*y + 7. Let z be q(10). Let m(o) = 2*o - 8. Let c be m(z). What is the units digit of 22/18 + c/(-27)?
1
Suppose 7*f - 204 = 3*f. What is the units digit of f?
1
Suppose -4*r + 54 = -82. What is the units digit of (2/(-3))/(r/(-1173))?
3
Suppose 31*x - 32*x = -82. What is the tens digit of x?
8
Let o = -6 + 9. Suppose 0 = -o*g - 2*g + 80. What is the units digit of g?
6
Let n = 22 - -1. What is the units digit of n + (-1 - (-12)/3)?
6
Suppose 2*b - 4*w - 56 = 0, -b + 6*w + 32 = 2*w. Let a be b/18*(-3)/(-2). What is the units digit of (a - 1)*2*3?
6
Suppose 0 = 14*w - 17*w. Suppose 2*y - 5*y + 72 = w. What is the tens digit of y?
2
Let a(t) = -8*t**2 + 13*t - 11. Let m(y) = 7*y**2 - 13*y + 10. Let g(r) = -5*a(r) - 6*m(r). What is the tens digit of g(5)?
1
Let i(g) = 3 + 5*g**3 + 9*g**2 - 2*g - 6*g**3 - 6*g. Let r be i(8). Suppose 22 = m - 4*k, r*m - 31 = k + 4*k. What is the units digit of m?
2
Let f = 1038 - 727. Suppose 5*n + 81 = f. Suppose -q + 24 = 3*k, 2*q + 3*k - n = -2*k. What is the tens digit of q?
1
Let i = 6 - 4. Suppose 6 - 15 = -3*k, -5*d + i*k = -4. Suppose 5*s - 3*n - 8 = 0, 0 = d*n - 3*n + 4. What is the units digit of s?
4
Suppose -2*q - 33 = -3*w, -w + 15 - 3 = -q. What is the tens digit of (126/(-4))/(w/(-12))?
4
Let a be (2 - 1)*(-2 - -40). Suppose a = -3*n + 5*n. What is the tens digit of n?
1
Let s(v) = v**2 + 6*v. Let p be s(-6). Suppose -3*u - 6 + 18 = p. Suppose u*q - 13 = 3*o, 5*o - 11 = -2*q + 2. What is the units digit of q?
4
Let q be (116/(-8) + 3)*-2. Suppose -7*t + q = -6*t. What is the units digit of t?
3
Let r = -18 - -8. Let y(g) = -g + 7. What is the tens digit of y(r)?
1
Let g(h) = -h**3 - 4*h**2 + 3*h - 5. Let c be g(-5). Let o = 5 - c. Suppose o = p + 3*p + 16, -j + 3 = p. What is the units digit of j?
7
Let f(i) = i**3 + 7*i**2 - 9*i + 2. What is the tens digit of f(-8)?
1
Suppose -5*g - 57 = 5*o - 12, 3*g - o = -31. What is the units digit of (-202)/g - (-1)/(-5)?
0
Suppose -j + 50 = -2*w, 46 = 3*j + 3*w - 131. What is the tens digit of j?
5
Let n = -14 - -27. What is the units digit of n?
3
Suppose 2*l - 7*l + v + 247 = 0, -3*l + 135 = -5*v. What is the tens digit of l?
5
Suppose -5*t = -10, 7*o - 2*o - 2*t + 14 = 0. Let p = o + 10. What is the units digit of p?
8
Let h(f) = 3*f - 2. Let q be h(2). Suppose -q*a + 1 = -3*a. Let c = a + 2. What is the units digit of c?
3
Let n(h) be the third derivative of h**4/24 + h**3 + 4*h**2. Suppose 0 = 5*v - 0*v. What is the units digit of n(v)?
6
Let u(d) = -d**3 - 12*d**2 + 12*d - 1. Let p be u(-13). Let n(m) = 2*m - 4. Let v be n(3). Suppose -a + p = v*a. What is the units digit of a?
4
Let x(q) = 3*q + 1. Let t be x(6). Let o = -1 - -2. Let g = t - o. What is the tens digit of g?
1
Suppose 0*c - c + 6 = 0. Let x = c + -5. What is the units digit of x?
1
Suppose 0 = -5*f - 0*x - 5*x + 20, -5*f = x - 28. Let h = -3 + f. What is the units digit of h?
3
Suppose -4*c + 4*z = -72, 0 = -c + 3*z + 11 + 9. Suppose 0 = -2*r + 4*g + 5 + c, -4*r = 2*g - 44. What is the tens digit of r?
1
Let f(v) = v**3 - 2*v**2 + 5*v - 23. What is the units digit of f(7)?
7
Suppose 4*w - 3*w = 67. What is the units digit of w?
7
Let c be (3/4)/(1/76). Let g = c + -29. What is the tens digit of g?
2
Suppose 0 = -o - 0*o + 184. What is the units digit of o?
4
Let y(a) = a**3 + 3*a**2 - 7*a - 6. Suppose k - 35 = 5*r + 4*k, 5*k = -4*r - 41. Let d be y(r). Suppose -2 = 2*b - d. What is the units digit of b?
2
Let g(p) = p**3 - p**3 + p + 8*p**2 + 2*p**3 - 3*p**3 + 6. What is the tens digit of g(8)?
1
Let o(d) = -d**3 + 4*d**2 + d - 4. Let t be o(4). Suppose -5*b + 35 = -t*b. What is the units digit of b?
7
Let v be 2 - (-10 - -2)*-1. Let x = -1 - v. Suppose 3*n - 5*n + 14 = -d, x*d - 11 = n. What is the units digit of n?
9
Let l be 20 + -1 + 1 - 1. Suppose 0 = 4*s - 4*u + 35 - 7, 4*u + 12 = -4*s. What is the tens digit of (s - -2) + l*1?
1
Suppose 5*u - 4*l + 20 = 0, u + 3*l = 5*u + 15. Suppose u = -4*r + 2*r + 52. What is the units digit of r?
6
Suppose 3*z + 78 = 2*o - 13, o = 3*z + 53. What is the units digit of o?
8
Suppose 0 = -3*b - 5*y + 115, -5*y = -5*b + 117 + 8. Let z = -17 + b. What is the tens digit of z?
1
Suppose -2*j - 3 = -2*r + 3*j, -3*j + 3 = 0. Suppose -r*y = -8, 5*y + 40 + 10 = 4*q. What is the tens digit of q?
1
Suppose -2*l + 0*l + 3*w - 5 = 0, -3 = -2*l - 5*w. Let i be 6 + -6 - (-1 + l). Suppose i*t = s